et b(l) = 2190*l - 111680. Calculate b(51).
10
Let g(x) = 163405*x - 817010. Calculate g(5).
15
Let t(d) = 276*d**2 - 51609*d - 574. Determine t(187).
-13
Let r(x) = 5383*x + 2056312. Determine r(-382).
6
Let n(o) = 1293062*o + 9. Calculate n(0).
9
Let j(z) = -z**3 + 56*z**2 + 3241*z + 18546. Give j(93).
-54
Let n(o) = 14*o**2 - 398*o - 141. Determine n(30).
519
Let s(w) = -21*w**2 + 184*w - 1184. Give s(6).
-836
Let v(o) = o**2 - 243*o - 21100. Determine v(-76).
3144
Let p(l) = -l**3 + 63*l**2 - 449*l + 584. Calculate p(55).
89
Let l(f) = 7*f**3 + 9*f**2 + 1334*f - 10730. Give l(8).
4102
Let r(v) = -2*v**2 - 11764*v + 35294. Give r(3).
-16
Let o(t) = 13254*t - 7024619. Determine o(530).
1
Let b(m) = m**2 - 8504*m + 237321. Calculate b(28).
-7
Let d(p) = -2*p**3 - 554*p**2 - 2181*p + 935. Give d(-273).
116
Let n(i) = 7107*i - 48800. Give n(7).
949
Let d(u) = -u**2 + 489*u + 94292. Determine d(-148).
16
Let h(g) = -129*g**2 - 195*g + 13. Give h(-2).
-113
Let c(r) = r**3 - 16*r**2 + 40*r - 1214. What is c(15)?
-839
Let n(v) = 8*v**3 - 41*v**2 + 38*v + 14. Give n(2).
-10
Let a(w) = 36*w**2 + 2077*w + 4193. What is a(-2)?
183
Let k(y) = 106*y + 9220. Calculate k(-90).
-320
Let n(s) = -9*s**3 - 142*s**2 - 584*s - 9866. Determine n(-16).
-10
Let f(x) = 17*x**2 + 2203*x - 183. Calculate f(-130).
727
Let i(d) = -1314*d - 294867. Determine i(-224).
-531
Let j(t) = -t**3 - 118*t**2 - 2636*t + 339. Determine j(-88).
-13
Let j(m) = 132*m**2 + 19938*m + 1053. Give j(-151).
147
Let x(v) = -v**3 + 155*v**2 - 142*v - 2697. Give x(154).
-849
Let v(b) = -280*b - 52840. Give v(-188).
-200
Let u(s) = 2013*s - 86162. Give u(43).
397
Let y(d) = 2*d**2 + 15018*d - 8864901. Give y(550).
-1
Let b(v) = 47323*v + 804498. Determine b(-17).
7
Let q(a) = 3*a**2 - 228*a + 3276. Determine q(41).
-1029
Let b(x) = 2*x**3 - 1412*x**2 + 2814*x + 1541. What is b(704)?
133
Let k(o) = 9643*o + 38577. Give k(-4).
5
Let d(g) = -2*g**3 - 38*g**2 - 138*g - 160. Calculate d(-15).
110
Let l(n) = 14*n**3 + 7390*n**2 - 1031*n + 13194. Calculate l(-528).
-6
Let u(j) = -j**3 - 378*j**2 - 1157*j - 11957. Give u(-375).
43
Let k(i) = 11372*i + 3275134. Give k(-288).
-2
Let c(d) = -8*d**2 + 16*d + 421. What is c(-12)?
-923
Let t(f) = 1558426*f + 3116862. Determine t(-2).
10
Let o(a) = -1092*a - 12247. Determine o(-11).
-235
Let a(n) = -n**3 - 290*n**2 + 5543*n + 36. Determine a(18).
18
Let y(k) = 8*k**2 - 7*k - 263. Calculate y(-5).
-28
Let m(d) = -1895*d - 16867. Calculate m(-9).
188
Let s(r) = -r**3 + 427*r + 2352. What is s(-6)?
6
Let s(a) = -a**3 - 63*a**2 - 417*a + 3. Determine s(-56).
1403
Let l(p) = p**2 + 153*p - 1240. What is l(-160)?
-120
Let f(v) = 2005*v - 126296. Calculate f(63).
19
Let u(a) = -322*a**2 - 1961*a - 164. Give u(-6).
10
Let f(o) = -726409*o + 726413. Calculate f(1).
4
Let c(o) = 26*o**2 - 264*o - 88. What is c(11)?
154
Let f(c) = -6*c**2 + 317*c - 624. Give f(48).
768
Let c(a) = -a**3 + 142*a**2 - 640*a - 248. Determine c(5).
-23
Let b(k) = -188*k**2 + 1. Calculate b(-1).
-187
Let y(s) = -69*s**3 + 281*s**2 - 23*s - 7. Calculate y(5).
-1722
Let b(c) = -23753*c + 95032. Calculate b(4).
20
Let y(j) = 12*j**2 + 477*j + 4306. Give y(-9).
985
Let m(k) = -12*k**3 + 3757*k**2 - 183*k - 40700. Give m(313).
-10
Let i(b) = -b**3 - 14*b**2 + 85*b + 498. Determine i(-4).
-2
Let t(b) = -b**3 + 31047*b**2 - 186250*b + 6. Calculate t(6).
-18
Let u(g) = g**2 + 5216*g + 20863. Give u(-4).
15
Let i(w) = -2*w**2 - 427*w - 21253. What is i(-79)?
-2
Let t(a) = 296*a**2 + 14519*a + 731. What is t(-49)?
-4
Let q(d) = -d**3 - 128*d**2 - 3474*d - 74. Determine q(-39).
43
Let v(o) = 39159*o + 195725. Give v(-5).
-70
Let o(s) = s**3 - 165*s**2 + 4451*s + 376. Calculate o(131).
-17
Let a(s) = s**2 + 15295*s + 61191. What is a(-4)?
27
Let o(c) = c**2 - 868*c + 3446. What is o(4)?
-10
Let y(v) = v**3 - 49*v**2 + 170*v + 456. Determine y(45).
6
Let d(o) = -40*o**2 + 256*o - 223. Calculate d(7).
-391
Let z(d) = 13*d**2 + 188*d - 1112. What is z(6)?
484
Let o(v) = -1003*v - 1051. Determine o(-1).
-48
Let a(t) = 459*t + 129564. Determine a(-282).
126
Let d(k) = -4*k**3 - 12*k**2 - 56*k + 234. Calculate d(-10).
3594
Let i(f) = -3479*f - 23811. Determine i(-7).
542
Let m(f) = 2433007*f + 26763073. What is m(-11)?
-4
Let s(b) = -6625*b - 2510880. What is s(-379)?
-5
Let y(c) = -c**3 + 138*c**2 + 1026*c + 76. Calculate y(-7).
-1
Let t(f) = -12*f**2 + 171*f - 468. Calculate t(11).
-39
Let y(c) = -7517*c + 42507. Determine y(6).
-2595
Let i(s) = 5003*s - 39684. What is i(8)?
340
Let g(w) = w**3 - 1407*w**2 + 66543*w - 55. Give g(49).
-6
Let q(v) = v**3 + 5*v**2 - 167*v + 648. What is q(6)?
42
Let i(y) = 3*y**3 - 19*y**2 + 10950*y - 32750. Give i(3).
10
Let z(m) = -m**3 + 47*m**2 - 1372*m + 28497. Determine z(32).
-47
Let n(r) = -9*r**2 + 3097*r + 12516. Determine n(-4).
-16
Let l(x) = -x**2 - 946*x - 21185. Calculate l(-23).
44
Let p(m) = m**3 + 21*m**2 - 3074*m + 125. Calculate p(-67).
-411
Let b(l) = l**3 - 5*l - 32. Calculate b(0).
-32
Let x(q) = 54148*q + 487348. Give x(-9).
16
Let h(w) = 249*w**2 + 24*w + 7. Determine h(-1).
232
Let u(v) = -4*v**3 - 40*v**2 + 48*v + 465. Calculate u(-10).
-15
Let o(b) = 22*b + 20724. Determine o(-940).
44
Let x(w) = -w**3 - 32*w**2 + 17*w + 478. Give x(-13).
-2954
Let l(f) = 6*f**2 - 238*f - 218392. Determine l(-172).
48
Let f(u) = 5*u**3 - 4973*u**2 + 124032*u + 22. Calculate f(969).
22
Let q(c) = -c**3 - 4*c**2 + 83*c + 88. Calculate q(-12).
244
Let i(d) = -d**3 + 10*d**2 + 1208*d - 339. Give i(40).
-19
Let o(v) = -5*v**2 + 450*v - 1165. Calculate o(87).
140
Let y(p) = -p**3 - 56*p**2 - 256*p - 42. Give y(-5).
-37
Let c(n) = -119465*n - 1194658. What is c(-10)?
-8
Let o(j) = j**3 - 1089*j**2 - 10993*j - 29. What is o(-10)?
1
Let r(c) = -54*c**2 - 756*c - 369. What is r(-12)?
927
Let l(b) = 3*b**3 + 75*b**2 - 32*b - 847. Determine l(-25).
-47
Let z(b) = -2619*b - 81924. Calculate z(-32).
1884
Let d(h) = 65*h**2 + 2667*h - 154. Calculate d(-41).
-236
Let l(p) = -187*p**2 - 3670*p + 5398. Determine l(-21).
1
Let w(t) = -3*t**2 + 244*t + 120. What is w(74)?
1748
Let i(b) = 41*b + 233. Calculate i(-5).
28
Let m(s) = 3*s**3 - 28*s**2 - 1287*s - 282. Calculate m(26).
56
Let h(q) = -2*q**3 + q**2 + 1282*q - 10919. Give h(10).
1
Let j(t) = 22771*t + 68313. Calculate j(-3).
0
Let a(l) = -4375*l - 30170. Calculate a(-7).
455
Let i(a) = 10878*a + 24. Calculate i(0).
24
Let f(g) = -29*g**2 + 81*g + 7. Determine f(0).
7
Let t(h) = h**3 + 373*h**2 + 1405*h - 26200. What is t(-369)?
-1
Let h(u) = 3*u**3 + 129*u**2 + 923*u - 2204. Determine h(-33).
7
Let v(f) = 2*f**2 - 132*f + 1037. Determine v(57).
11
Let l(t) = 220*t**3 - 660*t**2 + 3*t - 5. What is l(3)?
4
Let z(y) = -111*y**2 + 15667*y - 2196. Determine z(141).
60
Let b(z) = 28*z**2 + 6668*z + 843. What is b(-238)?
-109
Let y(h) = -3*h**3 + 97*h**2 - 179*h - 536. What is y(30)?
394
Let k(t) = 2*t**3 + 735*t**2 + 15*t - 129193. What is k(-367)?
-9
Let y(v) = -2*v**3 - 596*v**2 - 18409*v + 309. Give y(-263).
46
Let r(x) = 1747*x**3 - 7*x**2 - 309*x - 302. What is r(-1)?
-1747
Let x(w) = -4*w**3 - 23*w**2 + 215*w + 8. What is x(9)?
-2836
Let r(z) = -z**2 + 98*z + 1366484. Give r(-1121).
-15
Let z(l) = 2*l**3 + 291*l**2 - 1351*l + 368. What is z(-150)?
518
Let j(z) = -103*z**2 - 1577*z + 100. Calculate j(-16).
-1036
Let t(z) = 1674*z + 6707. Determine t(-4).
11
Let s(k) = -k**3 + 221*k**2 - 481*k + 8481. Determine s(219).
-936
Let s(k) = -17267*k + 88342. Give s(5).
2007
Let b(i) = -2*i**3 + 434*i**2 - 49*i + 10179. Determine b(217).
-454
Let s(h) = -h**3 + 54*h**2 - 243*h + 2068. What is s(50)?
-82
Let z(f) = f**3 - 145*f**2 - 1219*f - 735. Give z(153).
30
Let a(z) = 18862*z + 18851. Calculate a(-1).
-11
Let z(f) = -269*f - 32346. Determine z(-119).
-335
Let c(o) = o**3 + 178*o**2 - 722*o + 1067. Give c(-182).
-25
Let u(c) = c**3 - 88*c**2 - 456*c - 674. Determine u(93).
163
Let c(f) = 732*f + 16346. Give c(-22).
242
Let b(t) = 264115*t + 1584715. Calculate b(-6).
25
Let p(h) = h**3 + 95*h**2 + 619*h + 341. Give p(-88).
77
Let h(k) = -34440*k + 103316. Determine h(3).
-4
Let v(w) = -w**3 - 121*w**2 + 28561*w - 301. Give v(-240).
-541
Let w(a) = a**3 - 11*a**2 + 755*a - 17210. Determine w(19).
23
Let m(v) = 6991*v - 14165. Deter